s 15 divide 55644930?
True
Is 732 a factor of 69183516?
True
Does 90 divide 1094298700?
False
Does 68 divide 1880470143?
False
Is 4667 a factor of 187362547?
False
Does 617 divide 40333995?
False
Is 59891628 a multiple of 2458?
True
Is 124 a factor of 215919689?
False
Does 83 divide 97106012?
False
Is 35 a factor of 501484812?
False
Does 12 divide 10001908?
False
Is 195009745 a multiple of 12?
False
Is 5216 a factor of 206010038?
False
Is 616 a factor of 589266811?
False
Is 10571 a factor of 1913171293?
True
Does 39 divide 6087632?
False
Is 27 a factor of 43834793?
False
Does 12 divide 8800225?
False
Is 17296800 a multiple of 75?
True
Is 2626 a factor of 4520401640?
False
Is 141825551 a multiple of 41?
False
Is 68 a factor of 7359139889?
False
Is 384 a factor of 55555747?
False
Is 169 a factor of 7052633?
False
Is 6 a factor of 165281310?
True
Is 25562128 a multiple of 571?
False
Is 498 a factor of 594348060?
True
Is 5 a factor of 116135858?
False
Is 9554 a factor of 1172266246?
True
Is 177 a factor of 19365393?
True
Does 4286 divide 2819836548?
True
Is 1971270 a multiple of 945?
True
Is 28782107 a multiple of 359?
True
Is 140 a factor of 903795129?
False
Is 110301580 a multiple of 10?
True
Is 321531850 a multiple of 10?
True
Does 3305 divide 173088230?
False
Is 26319663 a multiple of 16?
False
Is 277 a factor of 118039788?
False
Is 50399258 a multiple of 1372?
False
Is 197 a factor of 8855938?
True
Is 15147829 a multiple of 67?
True
Is 608217088 a multiple of 13?
False
Does 752 divide 25956784?
True
Is 55900881 a multiple of 7?
False
Is 213075429 a multiple of 367?
True
Is 77 a factor of 173737487?
True
Does 44 divide 80179220?
True
Is 28589343 a multiple of 8?
False
Is 1425210600 a multiple of 2420?
True
Is 2057 a factor of 426648541?
True
Does 2 divide 14636496?
True
Does 129 divide 15424788?
True
Is 9 a factor of 4519025?
False
Is 3379 a factor of 22123822?
False
Is 95 a factor of 32765500?
True
Does 8 divide 2746353?
False
Is 22026731 a multiple of 17?
False
Is 62221600 a multiple of 4592?
True
Is 42679768 a multiple of 1286?
True
Is 52 a factor of 32262897?
False
Is 31344130 a multiple of 166?
False
Does 218 divide 3226983204?
False
Is 15056100 a multiple of 50?
True
Is 21 a factor of 39408590?
False
Does 4683 divide 1068468597?
True
Is 8 a factor of 648070076?
False
Does 4 divide 420616672?
True
Does 687 divide 167178570?
False
Does 1732 divide 41127724?
False
Does 15 divide 1924145415?
True
Is 6183 a factor of 766607862?
False
Is 7722 a factor of 1750662342?
True
Is 1656 a factor of 116597748?
False
Does 5 divide 7069840?
True
Does 36 divide 62200584?
True
Is 127826919 a multiple of 33?
True
Is 127 a factor of 48763301?
True
Does 4025 divide 275458713?
False
Does 63 divide 21231756?
True
Is 46773463 a multiple of 11?
True
Is 14843106 a multiple of 3?
True
Is 131535183 a multiple of 436?
False
Is 230 a factor of 62900585?
False
Does 4103 divide 125888246?
True
Does 41 divide 1448566326?
True
Is 736032 a multiple of 451?
True
Is 11 a factor of 41046753?
True
Is 82374379 a multiple of 43?
False
Does 8 divide 1554182323?
False
Does 32 divide 1550795392?
True
Is 154054748 a multiple of 1366?
True
Is 894 a factor of 706879064?
False
Is 8747298 a multiple of 515?
False
Does 16 divide 24637504?
True
Is 13 a factor of 275583875?
False
Is 140791997 a multiple of 679?
False
Does 72 divide 18975019?
False
Is 15018618 a multiple of 237?
False
Is 30577050 a multiple of 153?
True
Is 74370860 a multiple of 10?
True
Is 8 a factor of 846824?
True
Is 686119939 a multiple of 4344?
False
Is 105188368 a multiple of 4?
True
Is 702478516 a multiple of 2810?
False
Does 318 divide 37092792?
True
Is 222 a factor of 4559067?
False
Does 42 divide 22673230?
False
Is 253409688 a multiple of 1064?
True
Is 91769260 a multiple of 44?
True
Is 80450025 a multiple of 547?
True
Does 5 divide 198677071?
False
Does 12 divide 253921618?
False
Does 8 divide 39116800?
True
Does 500 divide 113217000?
True
Is 271 a factor of 660595020?
True
Does 457 divide 38601876?
True
Is 12181892 a multiple of 89?
False
Is 537 a factor of 263828924?
False
Is 241 a factor of 300949985?
False
Is 522 a factor of 166156254?
True
Is 5283135696 a multiple of 8993?
True
Is 9 a factor of 4625265?
False
Is 1246318 a multiple of 36?
False
Is 32 a factor of 899181856?
True
Does 5051 divide 1783437545?
False
Is 20317597 a multiple of 15?
False
Is 815873795 a multiple of 30?
False
Does 458 divide 557880182?
True
Is 933955759 a multiple of 11?
True
Is 37722828 a multiple of 242?
False
Does 269 divide 24685592?
True
Is 12138880 a multiple of 80?
True
Is 71 a factor of 2678333?
True
Is 48 a factor of 114272592?
True
Is 7 a factor of 70194229?
True
Is 70 a factor of 151561970?
True
Does 808 divide 36210918?
False
Is 3424469862 a multiple of 1587?
True
Is 115914948 a multiple of 30?
False
Does 28 divide 2645853?
False
Is 960 a factor of 40325760?
True
Does 54 divide 434422332?
True
Is 137223882 a multiple of 25?
False
Does 4 divide 361180?
True
Does 2 divide 80681379?
False
Is 1890 a factor of 533065634?
False
Is 391709862 a multiple of 1746?
True
Is 24 a factor of 1216143049?
False
Is 77052855 a multiple of 12?
False
Is 175 a factor of 415845618?
False
Is 296 a factor of 29478048?
True
Is 2 a factor of 109334150?
True
Is 351407927 a multiple of 1421?
False
Is 791430560 a multiple of 304?
True
Is 713952 a multiple of 268?
True
Does 342 divide 763715412?
True
Is 11152703 a multiple of 98?
False
Is 1024 a factor of 832796157?
False
Does 528 divide 173747376?
True
Is 1923 a factor of 356654964?
True
Does 283 divide 2840575?
False
Does 2248 divide 6493601?
False
Is 927495935 a multiple of 31?
False
Does 6 divide 40250778?
True
Does 535 divide 151475085?
True
Is 363412889 a multiple of 602?
False
Does 3534 divide 125382786?
True
Is 26 a factor of 764589618?
True
Is 3556700202 a multiple of 22?
True
Is 95 a factor of 205018404?
False
Does 192 divide 8910755?
False
Is 1950 a factor of 50642142?
False
Is 92432567 a multiple of 37?
False
Is 154987140 a multiple of 30?
True
Is 12023452 a multiple of 14?
True
Is 10281301 a multiple of 82?
False
Is 30307589 a multiple of 176?
False
Does 363 divide 274771509?
False
Is 338 a factor of 956061054?
True
Is 1829 a factor of 370455356?
False
Is 1074601428 a multiple of 12?
True
Does 867 divide 259291089?
True
Is 89639998 a multiple of 47?
True
Is 31023924 a multiple of 42?
False
Is 80706862 a multiple of 60?
False
Is 2172985322 a multiple of 34?
True
Does 46 divide 337322416?
True
Is 1175021178 a multiple of 5034?
True
Does 815 divide 15964176?
False
Is 6352746906 a multiple of 33?
True
Is 53 a factor of 171459929?
True
Is 13 a factor of 401448970?
True
Does 44 divide 30854557?
False
Is 618026660 a multiple of 20?
True
Is 29 a factor of 127410456?
True
Is 2467905 a multiple of 55?
True
Is 17983419 a multiple of 62?
False
Is 376 a factor of 22435544?
True
Is 96670878 a multiple of 496?
False
Does 59 divide 215440801?
True
Does 189 divide 182650820?
False
Is 57846393 a multiple of 27?
True
Is 63425024 a multiple of 676?
True
Is 24 a factor of 7637832?
True
Is 46 a factor of 124607?
False
Is 15006376 a multiple of 77?
True
Does 42 divide 9867018?
True
Does 45 divide 21976335?
True
Is 158 a factor of 970044418?
False
Is 30763685 a multiple of 569?
False
Is 6322 a factor of 698090670?
False
Is 198654883 a multiple of 43?
True
Is 5399 a factor of 6306204768?
True
Does 8 divide 1345701736?
True
Is 32303812 a multiple of 110?
False
Is 305111898 a multiple of 39?
True
Is 242948680 a multiple of 641?
False
Does 59 divide 25671490?
True
Is 65380073 a multiple of 407?
True
Is 2393 a factor of 5883488?
False
Is 131076096 a multiple of 16?
True
Is 2 a factor of 3648728?
True
Is 3411770 a multiple of 5?
True
Does 26 divide 26831796?
False
Does 73 divide 131723609?
True
Is 25 a factor of 63433843?
False
Is 192874920 a multiple of 15?
True
Is 83588400 a multiple of 24?
True
Is 239 a factor of 96370776?
False
Is 733 a factor of 270468399?
False
Is 1078621020 a multiple of 4770?
True
Does 314 divide 18835918?
True
Is 49997432 a multiple of 55?
False
Is 792 a factor of 57771406?
False
Is 433067841 a multiple of 6?
False
Is 1227 a factor of 14482572?
False
Is 215670180 a multiple of 132?
True
Do